- (-243)/5. Suppose 0*b = 5*b - 30. Calculate the highest common factor of p and b.
6
Let t(r) = 4*r - 4. Let a(j) = j**2 + j + 1. Let c be a(2). Let f be t(c). Calculate the highest common divisor of 36 and f.
12
Let i(h) = -15*h - h**3 - 20*h + 30*h - 2 + 7*h**2. Let k be i(6). Calculate the highest common divisor of 8 and k.
4
Let r be 2/(-4) - 56/(-16). What is the greatest common factor of 9 and r?
3
Suppose 0 = 5*s, -19 = -3*f + 5*s + 8. Calculate the greatest common factor of 1 and f.
1
Suppose -132*u + 228 = -130*u. Calculate the greatest common divisor of 76 and u.
38
Let f be (6/2)/((-1)/(-5)). Suppose 494 = 5*y - 106. Calculate the greatest common factor of f and y.
15
Suppose -5*r + 78 = -77. Let s = 47 - r. Let f(d) = 144*d**2 + d - 1. Let x be f(1). Calculate the greatest common divisor of s and x.
16
Let i be (-18)/(-21)*(4 - -45). Calculate the highest common factor of i and 28.
14
Suppose 0 = 2*f - 2*n + 22, 4*f = -0*f + 5*n - 45. Let y = 16 + f. What is the greatest common factor of y and 18?
6
Let s = -31 + 52. Let j = 3 - 0. Let q be 1 + -3 + j + 6. What is the highest common factor of s and q?
7
Let d be (12/(-16))/(2/(-8)). Suppose v = -d + 19. Calculate the highest common divisor of 32 and v.
16
Let v be 2 - 1*62/(-2). Suppose -3*f = -9 - v. What is the highest common factor of f and 2?
2
Let v = -11 - -6. Let k(g) = g**2 - g + 5. Let j be k(v). What is the highest common factor of 7 and j?
7
Suppose -4*s + 443 + 517 = 0. What is the highest common divisor of s and 16?
16
Suppose -5*s - 24 = -4*i - 3*s, 4*s - 15 = -i. Let d = -170 + 247. Calculate the highest common factor of i and d.
7
Suppose 0*s - 3*u = -4*s + 416, -s = -5*u - 104. Let l = 5 - 30. Let p = -12 - l. What is the highest common divisor of s and p?
13
Let w = 1 + 0. Let q be ((-4)/w)/(-1 + -1). Let t be (-1 + 2)/((-3)/(-6)). Calculate the greatest common divisor of q and t.
2
Let b be (1 + 5)*49/14. Let p = b + -15. What is the highest common divisor of p and 6?
6
Let b be -6 + 10 + (74 - 0). Calculate the highest common factor of 117 and b.
39
Let k(m) = 2*m**2 - 8*m + 1. Let n be k(6). Let r = n - 17. Let c be (-607)/(-5) - r/20. Calculate the greatest common factor of 11 and c.
11
Let f be 170/2 + 2/(-2). Let r be 6*(-2)/4 + 24. What is the highest common factor of f and r?
21
Suppose 3*w = 4*o + 138, w - o - 2*o - 41 = 0. Calculate the greatest common divisor of w and 10.
10
Let b be (-12)/(-16) + (-205)/(-20). Calculate the greatest common factor of b and 11.
11
Let g(z) = 7*z**2 + 2*z + 2. Let o be g(7). Suppose 4*c - o = -39. Suppose -28 = -3*y + c. Calculate the highest common factor of y and 54.
18
Suppose -d - n = 4 + 1, 0 = 3*d - 4*n - 20. Let g be (d - (-1)/1)*5. Suppose 0 = g*y - 194 - 86. What is the greatest common divisor of y and 7?
7
Let x = 19 - 35. Let k = x - -25. What is the highest common divisor of k and 72?
9
Suppose -8*s + 34 = -230. Calculate the greatest common divisor of s and 231.
33
Suppose 3*i - 5 = -s, 0 = 3*s - 2*i + 5*i - 15. Let n be (1/(-2))/(s/(-1190)). What is the greatest common factor of 17 and n?
17
Let z(f) be the second derivative of -4*f**3/3 - 3*f**2/2 + 3*f. Let u be z(-2). Let h be (2 + -1)*39*3. Calculate the highest common divisor of h and u.
13
Suppose -2 = -2*k + 10. What is the highest common factor of k and 9?
3
Let h be ((-4)/(-8))/((-1)/2). Let q be (h - 0 - -2)*3. Suppose 6*l = q*l + 27. Calculate the highest common divisor of 45 and l.
9
Suppose -3 = -3*m - 0. Let g be 18/4 - m/2. Suppose -g*l + 4*z - 1 = -405, 0 = -4*l - z + 394. What is the highest common factor of l and 11?
11
Suppose -32 + 134 = 2*p. Suppose 3*a - 73 = 29. Calculate the greatest common factor of p and a.
17
Suppose -9*s + 4*s = 30. Let f be s/27 + (-58)/(-18). Suppose 5*y = 5*q + 425, y = -f*y - 2*q + 370. Calculate the highest common divisor of y and 10.
10
Suppose 0 = -j - 0*j - l + 44, 0 = j + 4*l - 44. Suppose -5*a + 2*y + 47 = 0, 0 = -4*a - 4*y + 88 - 28. What is the highest common factor of j and a?
11
Let b be (10/8)/((-18)/(-504)). What is the highest common divisor of 35 and b?
35
Suppose 5*w - 3*b + 7 = 0, b + 1 = -w + 2*b. Let p be (-28)/w + -4 + 1. Let k be (-101)/(-9) - 6/27. What is the greatest common divisor of p and k?
11
Suppose -3*q = 5*c + 43, -4*q - 37 = 5*c + 12. Let f = q + 2. Let l = f + 16. Calculate the greatest common divisor of 96 and l.
12
Let g be -4*(15/(-12) - -2). Let i be (-2)/(-4) - g/2. Calculate the highest common divisor of 14 and i.
2
Let u(m) = m**2 + 5*m + 6. Let j be u(6). Calculate the highest common factor of 48 and j.
24
Let r = 16 - 12. What is the greatest common factor of r and 28?
4
Suppose -118 - 152 = -10*k. What is the greatest common divisor of k and 108?
27
Suppose -5*t - 178 = -4*s + 81, -2*t + 10 = 0. Suppose 3*h + 129 = -4*i, -4*i - 79 = 5*h + 128. Let o = h + s. Calculate the highest common factor of o and 16.
16
Suppose -3*m - 4*q = -8*m + 387, 5*q - 360 = -5*m. What is the greatest common factor of m and 25?
25
Suppose -15*o + 14*o = -76. Calculate the greatest common factor of o and 190.
38
Let c = 142 - 116. Calculate the greatest common divisor of 117 and c.
13
Let c(o) = 8*o - 7. Let i be c(8). Let u = i - -15. Calculate the greatest common factor of 8 and u.
8
Suppose -3*t = -o + 2*t + 69, -2*o + 4*t = -108. What is the greatest common divisor of o and 44?
44
Suppose 4*v + 5*x = 30 + 10, 10 = -2*v + 5*x. Suppose -2 + v = k. Suppose -12 = 2*m - k*m. What is the greatest common divisor of 4 and m?
4
Suppose 3*z = -0 - 12. Let n be (-264)/(-42) + z/14. Suppose 0 = -2*u - 5*l - n, 5*l + 13 - 3 = 0. What is the highest common divisor of 2 and u?
2
Suppose 3 = -3*c - 27. Let g(p) = -p**2 - 11*p - 7. Let f be g(c). What is the highest common factor of f and 27?
3
Suppose -4 = -3*f + f. Let s be ((-14)/f)/((-1)/2). Suppose 96*p = 93*p + 126. Calculate the highest common factor of p and s.
14
Let l(s) = s**3 - 13*s**2 - 14*s + 3. Let w be l(14). What is the greatest common divisor of w and 42?
3
Let d(t) = t**3 - 9*t**2 + 2*t - 5. Let j be d(9). What is the highest common divisor of j and 39?
13
Suppose -3*t + 52 = -2*z, -t + 0*t + 5*z + 13 = 0. Calculate the greatest common divisor of 3 and t.
3
Let h = 2 + 3. Let f(y) = -y**2 + 5*y - 4. Let d be f(h). Let x = 1 - d. Calculate the highest common factor of x and 45.
5
Suppose v - 2 = 3*a + 1, 4*v + 36 = -4*a. Let w(m) be the first derivative of -4*m**2 + m - 1. Let k be w(v). What is the greatest common factor of 7 and k?
7
Let o be ((-144)/(-10))/(1*(-21)/(-140)). What is the greatest common divisor of o and 12?
12
Let r(m) be the third derivative of m**6/120 + m**5/10 - 5*m**4/12 - 5*m**3/6 + m**2. Let g be r(-7). What is the greatest common factor of 16 and g?
16
Let l be (50/(-75))/(2/(-150)). Calculate the greatest common factor of 10 and l.
10
Suppose 4 = -2*p + 82. What is the greatest common factor of 13 and p?
13
Suppose -2*r = -419 + 5. What is the greatest common factor of r and 23?
23
Suppose w + 0 = 3. Suppose 2*l - 105 = -w*l. What is the greatest common factor of 63 and l?
21
Let o = 102 - 99. What is the highest common divisor of o and 33?
3
Let q(n) = 11*n + 9. Let y be q(3). Calculate the highest common factor of y and 28.
14
Let w(m) = -m + 5. Let f(y) = -1. Let r(i) = -5*f(i) - w(i). Let u be r(1). What is the highest common divisor of u and 1?
1
Let h(g) = -g - 3. Let q be h(-7). Calculate the greatest common factor of q and 28.
4
Let u(y) = y + 8. Let o = -22 + 16. Let w be u(o). Suppose 4*b - w*b = 2. What is the greatest common factor of 10 and b?
1
Let k(z) be the third derivative of z**6/120 - 2*z**5/15 + 3*z**4/8 - z**3/3 + 2*z**2. Let u be k(7). Calculate the highest common divisor of u and 8.
4
Suppose 0 = -p + c + 16, -p - 5*c = -0*p + 14. Let u = 59 - 58. What is the highest common divisor of p and u?
1
Suppose 0 = 2*x - 4*x - 52. Let w = -23 - x. Calculate the highest common factor of w and 27.
3
Let p = -3 + 8. Let r(x) be the first derivative of -x**4/4 + 2*x**3 + 9*x**2/2 - 9*x + 2. Let w be r(7). Calculate the highest common factor of w and p.
5
Suppose 0 = -3*l + 2*l + 3. Suppose -l*n = -6*b + 2*b - 3, 32 = 4*b + 4*n. Calculate the greatest common factor of 15 and b.
3
Let v(f) = -f